 -20 - -125. Let q = 119 - n. Calculate the greatest common factor of q and u.
14
Let n = 15823 + -15583. What is the greatest common divisor of n and 48?
48
Let b(r) = 3*r - 2. Let a be b(4). Let t be (-2 - 12)/(3 + -1). Let k(n) = -5*n - 5. Let l be k(t). Calculate the greatest common factor of l and a.
10
Suppose r = 2*u + 2786, -41*r + 4*u = -38*r - 8362. Calculate the highest common divisor of 20 and r.
10
Let j(q) = q**3 - 46*q**2 - 45*q + 507. Let t be j(47). What is the greatest common factor of 1 and t?
1
Suppose -102 = -15*h + 63. Suppose 264 = h*f - 3*f. What is the highest common factor of f and 363?
33
Let q = -17 - -31. Suppose 4*t + 85750 = 63*t + 66*t. What is the highest common divisor of q and t?
14
Let n(t) = -3*t**2 - 7*t + 3. Let a be 0 - 2/7*7. Let i be n(a). What is the greatest common divisor of 1 and i?
1
Suppose -6*s + 7 = -5*s. Suppose -4*c + 750 = 5*u, 572 = 4*u - c - s. Let x = u - 76. Calculate the highest common factor of x and 10.
10
Let z = -1052 + 1103. Calculate the highest common divisor of 3 and z.
3
Let n(v) = 2224*v - 4258. Let g be n(10). Calculate the greatest common divisor of 111 and g.
111
Suppose 5*s - 37 = 3*f, -s + 9 = -0*f + f. Let p(h) = h**3 - h - 2. Let i be p(2). Let a = s + i. Calculate the greatest common factor of a and 6.
6
Suppose -52 + 8 = -a. Let u = -40 + a. Suppose 0 = -2*o - 4, -2*m + 2*o + 2 = -u. Calculate the greatest common divisor of 1 and m.
1
Suppose -208*j = -13*j - 25692 - 28908. Calculate the greatest common factor of 805 and j.
35
Suppose -982660 = -266*m + 6430494. What is the greatest common factor of 29 and m?
29
Let w = -19424 + 19460. What is the highest common factor of 11871 and w?
9
Let z = -562 + 574. What is the greatest common divisor of z and 7284?
12
Let c be (24/(-5))/((-1)/10). Suppose 7*v - c = 5*v. Suppose 2*q = 4, -q + v = -2*n + 4*n. What is the greatest common factor of 11 and n?
11
Let d(p) = p**3 - 9*p**2 + 15*p - 22. Let s be d(6). Suppose -3*a - 127 + 487 = 0. Let v = a + s. What is the greatest common divisor of 16 and v?
16
Let c be (-60)/(-1) - 0/1. Let y be (-19)/1482*-52 - 5/(30/(-92)). What is the highest common divisor of c and y?
4
Let z(n) = -14*n - 116. Let m be z(-9). Let g be (-1)/2 + (-875)/(-14). Suppose -m*p = -178 - g. Calculate the greatest common factor of 3 and p.
3
Suppose -29 = -3*n + 16. Let v = n - -55. Let c be (-5)/(-50)*-4 + (-104)/(-10). What is the greatest common divisor of v and c?
10
Suppose 19 - 3 = 2*r. Suppose 112 = 4*y + r. Suppose k = y - 2. What is the highest common factor of 60 and k?
12
Let l = 24 + -17. Let r be 34/85 - (-26)/10. Suppose r*w - 84 = 147. What is the greatest common factor of l and w?
7
Let w be (16240/(-84))/((1/(-6))/((-3)/(-6))). What is the greatest common factor of 812 and w?
116
Suppose 2 = 2*r - 78. Suppose 4*j - 244 = 976. Let y = 625 - j. Calculate the highest common divisor of r and y.
40
Suppose -1995*h + 103 + 601 = -1979*h. What is the greatest common factor of h and 28732?
44
Let o be 657/(-146)*((-280)/3 - -4). Calculate the greatest common factor of o and 4623.
201
Suppose -40*q - 4116 = -61*q. Calculate the highest common divisor of 6272 and q.
196
Let c(w) = 28*w**2 + 118*w + 18. Let q be c(-11). What is the greatest common factor of 136 and q?
68
Suppose -28 = 22*b - 10*b - 1540. Calculate the highest common divisor of 14 and b.
14
Let x = 19 - 13. Let o(k) = -47*k - 162. Let c be o(-6). Calculate the highest common factor of x and c.
6
Let k be -4 + -6 + 5 - 9*-1. Suppose 9*t - 11*t = -r - 225, -k*t - 2*r + 438 = 0. Calculate the greatest common divisor of 3 and t.
3
Let c be (2 - -254)*(1179/(-54))/(10/(-30)). What is the highest common factor of 128 and c?
128
Let o be ((-75)/2)/((-1)/2). Let z = 29 + -200. Let v = -156 - z. Calculate the highest common divisor of o and v.
15
Let m = 166 + -62. Let k be (32/(-14))/(m/(-364)). Calculate the highest common divisor of 72 and k.
8
Suppose 3*i - 84 = -i. Let q = -122 - -534. Suppose -6*k + q + 596 = 0. What is the greatest common divisor of k and i?
21
Let s be (-2)/(-16) - 15/(-8). Let m be s/(-21)*-9*7. Let t(y) = 6*y - 12. Let x be t(13). Calculate the greatest common factor of x and m.
6
Let b be (-85)/(-4) - 1/4. Suppose -4*q + 178 = -2*z + 36, 3*q + 5*z = 35. What is the highest common divisor of b and q?
3
Let o be ((-98)/6)/(23/(-69)). Let w(j) = 1 + 0 - 2*j + 3*j. Let v be w(6). Calculate the greatest common factor of o and v.
7
Suppose -3*o + 18 - 129 = 0. Let w = 41 + o. Suppose 3*l = -l - w*y, -20 = 4*y. What is the greatest common divisor of l and 40?
5
Suppose 236056 = 4*m - 4*k, 0 = 10*m - 11*m - k + 59002. Calculate the greatest common factor of m and 128.
128
Let m be (0 + 2 + 6/(-5))/(301/10535). What is the greatest common factor of m and 252?
28
Suppose 0 = 3*g - 31 - 32. Let i(m) = 293*m - 33631. Let o be i(116). What is the highest common divisor of o and g?
21
Suppose -v - 2379 = -5*q - 901, -12 = 4*v. Suppose p = q - 70. What is the greatest common divisor of p and 25?
25
Suppose 0 = 11*y - 15*y + 3028. Suppose -4*c = 3*a - y, -4 = 4*a - 16. Calculate the highest common divisor of c and 17.
17
Suppose n + 2*f - 1 + 0 = 0, -n + 1 = -2*f. Let q be (-108 - (-2 - -2))/n. Let c = -73 - q. What is the highest common divisor of c and 14?
7
Suppose -5*i + 54 - 14 = 0. Let p(r) = 13*r + 157. Let c be p(-10). Let s be -3 + (-2)/(-2)*(40 + c). What is the greatest common divisor of i and s?
8
Suppose -l = 2*q - 8608, -7*q + 2*q + 21516 = 2*l. What is the greatest common factor of q and 40?
20
Suppose 103*a - 28106 - 138 = 50860. Calculate the highest common factor of a and 288.
96
Suppose 0 = 11*t + 6 - 281. Suppose 4*i = c + 3*i - t, -3*c - 2*i + 70 = 0. Calculate the greatest common divisor of 168 and c.
24
Suppose 4*n - 3*n - 102 = 0. Suppose -437 = 24*j - 461. Let b(s) = 41*s - 7. Let h be b(j). What is the highest common divisor of n and h?
34
Let g(v) = 21*v**2 + 22*v - 68. Let i be g(11). Suppose 10*m = -35 + i. Suppose -m = -6*c + 278. Calculate the highest common factor of 13 and c.
13
Suppose -h + 114 = h - 2*p, 0 = -5*h - p + 279. Let y(l) = 71*l**2 + 106*l + 323. Let c be y(-3). Calculate the greatest common divisor of c and h.
28
Let t(d) = -2*d**3 - 7*d**2 - 6*d - 2. Let b be t(-4). Let z = 25661 + -25547. What is the highest common divisor of b and z?
38
Suppose 88*y - 16992 = 7648. Calculate the greatest common divisor of 3430 and y.
70
Let x(t) = -t**3 - 6*t**2 - 31*t - 8. Let c be x(-4). Let l(d) = -d**3 + 8*d**2 - 1. Let o be l(7). Calculate the highest common factor of o and c.
12
Suppose -5*c = -0*c - 180. Suppose -19*m + 434 = -0*m + 130. Calculate the highest common factor of m and c.
4
Suppose 66 = 20*p - 5694. Suppose -9*f + p = 3*f. Let b be (-3 - 1) + (12 - -16). Calculate the highest common factor of b and f.
24
Let r(m) = 10*m**2 + 3*m + 10. Let w(b) = -2*b**2 - 26*b - 46. Let k be w(-11). Let n be r(k). Calculate the greatest common divisor of n and 110.
22
Let k(x) = x**2 - x + 4. Let o = 2 - 9. Let c be k(o). Suppose -5*n = 2*i - 39, -i + 25 = -5*n + 28. Calculate the highest common factor of i and c.
12
Suppose -28 - 22 = -2*c. Suppose 0 = -b + 2*g + 22, 0 = -8*g + 4*g - 4. Suppose b*j + 2*j = 1650. What is the highest common factor of j and c?
25
Let v be (6 - -5) + 55/11. Suppose 0 = -2*m + 267 - 59. What is the greatest common factor of m and v?
8
Let r(i) = -22*i**3 - 3*i**2 + 19*i + 7. Let o be r(-2). Let h(j) = 3*j**2 - 3*j + 5. Let z be h(6). What is the highest common divisor of o and z?
19
Suppose 3*d - j + 35 = -0*j, 25 = -3*d - 4*j. Let x = 19 + d. Suppose -g = 3*g + x, 4*g - 25 = -3*i. What is the highest common factor of i and 55?
11
Suppose -38 - 25 = 7*q. Let d(z) = -9*z + 18. Let t be d(q). Let a(f) = -3*f - 22. Let y be a(-11). Calculate the highest common divisor of y and t.
11
Let a be -1*2 + (-2 - -1 - -4). Let f be (4 - (2 - (2 - -3)))*a. Suppose 66*m = 37*m + 1218. What is the highest common factor of m and f?
7
Let q(l) = 13*l**3 - l**2 - 2*l + 4. Let c be q(2). Let h be (226 - 8)/(6/(1*-3)). Let v = -84 - h. What is the highest common divisor of c and v?
25
Let t(w) = -2*w - 1. Let z(f) = f**3 + 3*f**2 - 19*f - 12. Let g(l) = -3*t(l) + z(l). Let d be g(